7 composite?
False
Is 3281 a composite number?
True
Is 9169 composite?
True
Is 6689 a composite number?
False
Is 59897 a prime number?
False
Is 56402 composite?
True
Is 9941 composite?
False
Is 18923 a prime number?
False
Is 44053 composite?
False
Is 17707 composite?
False
Is 15815 a prime number?
False
Is 1844267 composite?
True
Is 8641 a prime number?
True
Is 21849 prime?
False
Is 288437 a prime number?
False
Is 1361 composite?
False
Is 500567 a composite number?
False
Is 285343 composite?
False
Is 3119 prime?
True
Is 11279 a prime number?
True
Is 130334 a prime number?
False
Is 2153 prime?
True
Is 15359 prime?
True
Is 6497 prime?
False
Is 10239 a composite number?
True
Is 124417 a prime number?
False
Is 143723 a composite number?
True
Is 116141 a composite number?
False
Is 333419 prime?
True
Is 34543 a prime number?
True
Is 117677 a composite number?
True
Is 5519 composite?
False
Is 102439 a prime number?
False
Is 406717 a composite number?
False
Is 337 a prime number?
True
Is 63911 composite?
True
Is 566949 a composite number?
True
Is 2101 composite?
True
Is 266429 composite?
True
Is 31307 prime?
True
Is 15299 a prime number?
True
Is 24499 a prime number?
True
Is 28901 prime?
True
Is 5299 composite?
True
Is 1966 a composite number?
True
Is 192497 a composite number?
False
Is 631 a prime number?
True
Is 16843 a prime number?
True
Is 96553 prime?
True
Is 33913 a prime number?
False
Is 3043 composite?
True
Is 14881 a composite number?
True
Is 4847 a prime number?
False
Is 3491 composite?
False
Is 54869 composite?
False
Is 2177 a composite number?
True
Is 3513 prime?
False
Is 20707 a prime number?
True
Is 12391 a composite number?
False
Is 59789 a composite number?
True
Is 262969 composite?
True
Is 9091 composite?
False
Is 1349123 a composite number?
True
Is 453289 composite?
False
Is 36221 a composite number?
True
Is 119069 composite?
False
Is 9091 prime?
True
Is 4201 a composite number?
False
Is 81541 a composite number?
True
Is 445831 a prime number?
False
Is 75821 prime?
True
Is 15499 a composite number?
True
Is 33889 a composite number?
False
Is 689 prime?
False
Is 103039 a prime number?
False
Is 15833 a composite number?
True
Is 363523 prime?
True
Is 5260279 a composite number?
False
Is 73517 composite?
False
Is 1138595 prime?
False
Is 23801 a prime number?
True
Is 18299 a composite number?
True
Is 5779 a prime number?
True
Is 197059 composite?
False
Is 49523 a prime number?
True
Is 1156483 a composite number?
False
Is 464843 composite?
False
Is 173605 composite?
True
Is 6721355 composite?
True
Is 132713 a prime number?
False
Is 7591 prime?
True
Is 5583 a composite number?
True
Is 233173 prime?
True
Is 43753 a composite number?
False
Is 35251 a composite number?
False
Is 188827 a composite number?
False
Is 121123 a composite number?
False
Is 39763 a composite number?
True
Is 7051 a composite number?
True
Is 374879 prime?
True
Is 27926 prime?
False
Is 157 prime?
True
Is 47933 composite?
False
Is 277079 composite?
True
Is 699905 a composite number?
True
Is 636353 prime?
True
Is 67447 composite?
False
Is 20477 a composite number?
False
Is 1130561 a composite number?
False
Is 2641 a composite number?
True
Is 2361 composite?
True
Is 4716365 a composite number?
True
Is 1301821 a prime number?
True
Is 32749 a prime number?
True
Is 76073 prime?
False
Is 12401 prime?
True
Is 344587 composite?
False
Is 942187 a prime number?
True
Is 19137 a prime number?
False
Is 1151 a prime number?
True
Is 92023 composite?
True
Is 210079 prime?
False
Is 382957 a prime number?
False
Is 232871 a composite number?
False
Is 4553 prime?
False
Is 108133 prime?
False
Is 564827 prime?
True
Is 167421 composite?
True
Is 69221 a composite number?
False
Is 2831 a prime number?
False
Is 471601 a composite number?
True
Is 14941 composite?
True
Is 33665 a composite number?
True
Is 60773 prime?
True
Is 301867 prime?
True
Is 321163 composite?
False
Is 28889 composite?
True
Is 979637 prime?
False
Is 1735961 composite?
False
Is 61781 prime?
True
Is 1823567 a prime number?
True
Is 411881 prime?
False
Is 3392837 a prime number?
False
Is 429329 composite?
False
Is 44011 composite?
True
Is 87409 a composite number?
True
Is 11459 composite?
True
Is 872843 composite?
False
Is 191381 a prime number?
False
Is 874163 a composite number?
True
Is 70145 prime?
False
Is 25013 a prime number?
True
Is 588851 prime?
False
Is 194515 a prime number?
False
Is 23651 a prime number?
False
Is 16285 a prime number?
False
Is 77947 composite?
True
Is 270527 a prime number?
True
Is 1979 prime?
True
Is 324791 a composite number?
False
Is 133823 a prime number?
False
Is 50821 a composite number?
False
Is 5809 composite?
True
Is 6761 a composite number?
False
Is 15491 composite?
True
Is 3580891 a prime number?
False
Is 22189 composite?
False
Is 4721 a composite number?
False
Is 13045 prime?
False
Is 166523 composite?
True
Is 12607 composite?
True
Is 102761 prime?
True
Is 4039 a composite number?
True
Is 572879 a composite number?
False
Is 30499 a prime number?
False
Is 409 prime?
True
Is 4327 composite?
False
Is 671 composite?
True
Is 125471 composite?
False
Is 68221 a prime number?
False
Is 225881 prime?
False
Is 1181 composite?
False
Is 2771 a composite number?
True
Is 310693 a composite number?
False
Is 6139 a composite number?
True
Is 12953 a prime number?
True
Is 187247 a prime number?
False
Is 115 composite?
True
Is 702911 a prime number?
False
Is 15259 prime?
True
Is 59791 a prime number?
True
Is 32099 prime?
True
Is 3183 composite?
True
Is 47569 a composite number?
False
Is 29009 prime?
True
Is 20341 prime?
True
Is 780293 a composite number?
True
Is 34981 prime?
True
Is 79589 a composite number?
False
Is 163343 composite?
True
Is 3057 a composite number?
True
Is 775685 a composite number?
True
Is 25393 prime?
False
Is 48907 a prime number?
True
Is 161627 a composite number?
False
Is 1949 a prime number?
True
Is 3223 a composite number?
True
Is 2721 a composite number?
True
Is 1507 composite?
True
Is 7219 a prime number?
True
Is 64819 composite?
True
Is 2785 composite?
True
Is 3588289 a composite number?
False
Is 733 a prime number?
True
Is 3022 a prime number?
False
Is 2861 prime?
True
Is 38667 a prime number?
False
Is 1003 a prime number?
False
Is 83245 composite?
True
Is 5471 a prime number?
True
Is 322319 a prime number?
True
Is 51655 a composite number?
True
Is 172687 a composite number?
False
Is 130877 prime?
False
Is 22421 a composite number?
True
Is 200435 a composite number?
True
Is 10399 prime?
True
Is 612049 a composite number?
False
Is 605921 a composite number?
False
Is 26473 a composite number?
True
Is 86069 composite?
False
Is 271061 a prime number?
False
Is 66295 composite?
True
Is 384297 a prime number?
False
Is 290269 composite?
True
Is 109534 a composite number?
True
Is 4049 composite?
False
Is 59309 prime?
False
Is 11149 a composite number?
False
Is 294347 a composite number?
False
Is 50279 composite?
True
Is 553013 a prime number?
True
Is 19441 prime?
True
Is 878 composite?
True
Is 105601 a composite number?
False
Is 339643 composite?
True
Is 378991 a composite number?
True
Is 545323 a prime number?
False
Is 664091 prime?
True
Is 4661 a prime number?
False
Is 488821 a composite number?
False
Is 15863 composite?
True
Is 371733 a composite number?
True
Is 55469 composite?
False
Is 10801 a composite number?
True
Is 691 a prime number?
True
Is 2181 a composite number?
True
Is 9199 composite?
False
Is 80057 prime?
False
Is 7586 composite?
True
Is 287789 a composite number?
False
Is 28147 a composite number?
True
Is 1765483 a composite number?
True
Is 717305 a prime number?
False
Is 231979 a composite number?
True
Is 148609 a composite number?
False
Is 707999 prime?
False
Is 11539 a prime number?
False
Is 542541 composite?
True
Is 60019 a prime number?
False
Is 2339 a composite number?
False
Is 88117 a composite number?
False
Is 197831 composite?
False
Is 41333 a prime number?
True
Is 111013 a prime number?
False
Is 1007005 prime?
False
Is 79654 a prime number?
False
Is 22891 prime?
False
Is 1759249 a composite number?
False
Is 2600681 prime?
True
Is 20699 composite?
True
Is 194659 prime?
True
Is 91 a composite number?
True
Is 181157 a prime number?
True
Is 437213 prime?
False
Is 19